{"id":2229,"date":"2025-03-27T14:36:37","date_gmt":"2025-03-27T14:36:37","guid":{"rendered":"https:\/\/neo-net-verein.de\/?page_id=2229"},"modified":"2025-03-27T14:36:37","modified_gmt":"2025-03-27T14:36:37","slug":"kompetenzen","status":"publish","type":"page","link":"https:\/\/neo-net.de\/?page_id=2229","title":{"rendered":"Kompetenzen"},"content":{"rendered":"<h2>#neo.COMPETENCIES<\/h2>\n<div>\n<p>        <img decoding=\"async\" src=\"\/wp-content\/uploads\/2025\/02\/neoNET_additiv_MZ_L_RGB.png\" alt=\"\"><\/p>\n<h3>#neo.ADDITIVE<\/h3>\n<p>#Additive Fertigung #3D-Druck #WIRksam #Ener-STRIX<\/p>\n<div>Die Anforderung an moderne Fertigungs- und Produktionsprozesse sind hoch: gefragt sind Ressourcenschonung, Effizienz und Nachhaltigkeit in einer ganzheitlichen Wertsch\u00f6pfungskette. Verfahren der additiven Fertigung werden Antworten liefern. Beispielsweise sind individuelle L\u00f6sungen im  Werkzeugbau geeignet, um schneller und kosteng\u00fcnstiger zu fertigen und Wettbewerbsvorteile standortunabh\u00e4ngig zu sichern.<br \/>\n#neo.NET macht es sich zur Aufgabe, die M\u00f6glichkeiten der additiven Fertigung in unserer Region auch f\u00fcr Klein- und Mittelst\u00e4ndische Unternehmen nutzbar zu machen.  Durch Forschungsvorhaben mit regionalen Akteuren werden Technologien entwickelt, optimiert und in der Region nachhaltig verankert. Damit aus Innovationen regionales Wachstum entsteht.<\/div>\n<\/div>\n<div>\n<p>        <img decoding=\"async\" src=\"\/wp-content\/uploads\/2025\/02\/neoNET_fibre_MZ_L_RGB.png\" alt=\"\"><\/p>\n<h3>#neo.FIBRE<\/h3>\n<p>#NFK &#8211; naturfaserverst\u00e4rkte Kunsttoffe #biocomposites #Nachhaltigkeit #Material- und Technologieentwicklung #Innovation<\/p>\n<div>Mit steigendem Interesse an einer ressourcensparenden und nachhaltigen Wertsch\u00f6pfung f\u00e4llt der erste Blick vermutlich auf die verwendeten Werkstoffe. Die Nachfrage nach nachwachsenden und biologisch abbaubaren Rohstoffen steigt und auch das Interesse an dem nicht nur \u00f6kologischen Mehrwert dieser Stoffe. NFKs &#8211; naturfaserverst\u00e4rkte Kunststoffe- \u00fcberzeugen auch durch positive mechanische Eigenschaften.<br \/>\n#neo.NET b\u00fcndelt ein Netzwerk an regionalen Partnern, die gemeinschaftlich an neuen Materialien forschen, um im Sinne einer positiven \u00d6kobilanz nachhaltig zu produzieren und neue M\u00e4rkte zu erschlie\u00dfen. Dabei spielt der Forschungs- und Wirtschaftsstandort (Ober-) Lausitz eine besondere Rolle.<\/div>\n<\/div>\n<div>\n<p>        <img decoding=\"async\" src=\"\/wp-content\/uploads\/2025\/02\/neoNET_social_MZ_L_RGB.png\" alt=\"\"><\/p>\n<h3>#neo.SOCIETY<\/h3>\n<p>#Gesellschaft #Strukturwandel #MINT #Regionales Wachstum #Partizipation #Fachkr\u00e4ftesicherung<\/p>\n<div>Die Lausitz befindet sich mitten im Wandel und es gibt zahlreiche Herausforderungen. Zum Einen werden bestehende Strukturen aufgebrochen, zum Anderen entwickeln sich neue Chancen. Sowohl f\u00fcr die Gesellschaft als auch f\u00fcr die regionalen Unternehmen. Zukunftstechnologien und die bedarfsgerechte Qualifizierung von Personal sorgen f\u00fcr Wachstum und tragen zur Attraktivit\u00e4t der Region bei.<\/div>\n<\/div>\n<p><!--more--><br \/>\n<!-- {\"type\":\"layout\",\"children\":[{\"name\":\"Kompetenzen\",\"type\":\"section\",\"props\":{\"animation\":\"fade\",\"image_position\":\"center-center\",\"image_size\":\"cover\",\"padding\":\"large\",\"style\":\"muted\",\"title_breakpoint\":\"xl\",\"title_position\":\"top-left\",\"title_rotation\":\"left\",\"vertical_align\":\"\",\"width\":\"default\"},\"children\":[{\"type\":\"row\",\"children\":[{\"type\":\"column\",\"props\":{\"image_position\":\"center-center\",\"position_sticky_breakpoint\":\"m\",\"width_medium\":\"1-1\"},\"children\":[{\"type\":\"headline\",\"props\":{\"content\":\"#neo.COMPETENCIES\",\"text_align\":\"center\",\"title_element\":\"h2\",\"title_style\":\"h1\"}}]}]},{\"type\":\"row\",\"props\":{\"column_gap\":\"large\",\"layout\":\"1-3,1-3,1-3\",\"row_gap\":\"large\"},\"children\":[{\"type\":\"column\",\"props\":{\"image_position\":\"center-center\",\"position_sticky_breakpoint\":\"m\",\"width_medium\":\"1-3\"},\"children\":[{\"type\":\"panel\",\"props\":{\"content\":\"Die Anforderung an moderne Fertigungs- und Produktionsprozesse sind hoch: gefragt sind Ressourcenschonung, Effizienz und Nachhaltigkeit in einer ganzheitlichen Wertsch\\u00f6pfungskette. Verfahren der additiven Fertigung werden Antworten liefern. Beispielsweise sind individuelle L\\u00f6sungen im  Werkzeugbau geeignet, um schneller und kosteng\\u00fcnstiger zu fertigen und Wettbewerbsvorteile standortunabh\\u00e4ngig zu sichern.\\n#neo.NET macht es sich zur Aufgabe, die M\\u00f6glichkeiten der additiven Fertigung in unserer Region auch f\\u00fcr Klein- und Mittelst\\u00e4ndische Unternehmen nutzbar zu machen.  Durch Forschungsvorhaben mit regionalen Akteuren werden Technologien entwickelt, optimiert und in der Region nachhaltig verankert. Damit aus Innovationen regionales Wachstum entsteht.\",\"content_column_breakpoint\":\"m\",\"icon_width\":80,\"image\":\"wp-content\\\/uploads\\\/2025\\\/02\\\/neoNET_additiv_MZ_L_RGB.png\",\"image_align\":\"top\",\"image_grid_breakpoint\":\"m\",\"image_grid_width\":\"1-2\",\"image_height\":100,\"image_svg_color\":\"emphasis\",\"link_style\":\"default\",\"link_text\":\"Read more\",\"margin\":\"default\",\"meta\":\"#Additive Fertigung #3D-Druck #WIRksam #Ener-STRIX\",\"meta_align\":\"above-title\",\"meta_element\":\"div\",\"meta_style\":\"text-meta\",\"title\":\"#neo.ADDITIVE\",\"title_align\":\"top\",\"title_element\":\"h3\",\"title_grid_breakpoint\":\"m\",\"title_grid_width\":\"1-2\",\"title_hover_style\":\"reset\"}}]},{\"type\":\"column\",\"props\":{\"image_position\":\"center-center\",\"position_sticky_breakpoint\":\"m\",\"width_medium\":\"1-3\"},\"children\":[{\"type\":\"panel\",\"props\":{\"content\":\"Mit steigendem Interesse an einer ressourcensparenden und nachhaltigen Wertsch\\u00f6pfung f\\u00e4llt der erste Blick vermutlich auf die verwendeten Werkstoffe. Die Nachfrage nach nachwachsenden und biologisch abbaubaren Rohstoffen steigt und auch das Interesse an dem nicht nur \\u00f6kologischen Mehrwert dieser Stoffe. NFKs - naturfaserverst\\u00e4rkte Kunststoffe- \\u00fcberzeugen auch durch positive mechanische Eigenschaften.\\n#neo.NET b\\u00fcndelt ein Netzwerk an regionalen Partnern, die gemeinschaftlich an neuen Materialien forschen, um im Sinne einer positiven \\u00d6kobilanz nachhaltig zu produzieren und neue M\\u00e4rkte zu erschlie\\u00dfen. Dabei spielt der Forschungs- und Wirtschaftsstandort (Ober-) Lausitz eine besondere Rolle.\",\"content_column_breakpoint\":\"m\",\"icon_width\":80,\"image\":\"wp-content\\\/uploads\\\/2025\\\/02\\\/neoNET_fibre_MZ_L_RGB.png\",\"image_align\":\"top\",\"image_grid_breakpoint\":\"m\",\"image_grid_width\":\"1-2\",\"image_height\":100,\"image_svg_color\":\"emphasis\",\"link_style\":\"default\",\"link_text\":\"Read more\",\"margin\":\"default\",\"meta\":\"#NFK - naturfaserverst\\u00e4rkte Kunsttoffe #biocomposites #Nachhaltigkeit #Material- und Technologieentwicklung #Innovation\",\"meta_align\":\"above-title\",\"meta_element\":\"div\",\"meta_style\":\"text-meta\",\"title\":\"#neo.FIBRE\",\"title_align\":\"top\",\"title_element\":\"h3\",\"title_grid_breakpoint\":\"m\",\"title_grid_width\":\"1-2\",\"title_hover_style\":\"reset\"}}]},{\"type\":\"column\",\"props\":{\"image_position\":\"center-center\",\"position_sticky_breakpoint\":\"m\",\"width_medium\":\"1-3\"},\"children\":[{\"type\":\"panel\",\"props\":{\"content\":\"Die Lausitz befindet sich mitten im Wandel und es gibt zahlreiche Herausforderungen. Zum Einen werden bestehende Strukturen aufgebrochen, zum Anderen entwickeln sich neue Chancen. Sowohl f\\u00fcr die Gesellschaft als auch f\\u00fcr die regionalen Unternehmen. Zukunftstechnologien und die bedarfsgerechte Qualifizierung von Personal sorgen f\\u00fcr Wachstum und tragen zur Attraktivit\\u00e4t der Region bei.\",\"content_column_breakpoint\":\"m\",\"icon_width\":80,\"image\":\"wp-content\\\/uploads\\\/2025\\\/02\\\/neoNET_social_MZ_L_RGB.png\",\"image_align\":\"top\",\"image_grid_breakpoint\":\"m\",\"image_grid_width\":\"1-2\",\"image_height\":100,\"image_svg_color\":\"emphasis\",\"link_style\":\"default\",\"link_text\":\"Read more\",\"margin\":\"default\",\"meta\":\"#Gesellschaft #Strukturwandel #MINT #Regionales Wachstum #Partizipation #Fachkr\\u00e4ftesicherung\",\"meta_align\":\"above-title\",\"meta_element\":\"div\",\"meta_style\":\"text-meta\",\"title\":\"#neo.SOCIETY\",\"title_align\":\"top\",\"title_element\":\"h3\",\"title_grid_breakpoint\":\"m\",\"title_grid_width\":\"1-2\",\"title_hover_style\":\"reset\"}}]}]}]}],\"version\":\"4.5.11\"} --><\/p>\n","protected":false},"excerpt":{"rendered":"<p>#neo.COMPETENCIES #neo.ADDITIVE #Additive Fertigung #3D-Druck #WIRksam #Ener-STRIX Die Anforderung an moderne Fertigungs- und Produktionsprozesse sind hoch: gefragt sind Ressourcenschonung, Effizienz und Nachhaltigkeit in einer ganzheitlichen Wertsch\u00f6pfungskette. Verfahren der additiven Fertigung werden Antworten liefern. Beispielsweise sind individuelle L\u00f6sungen im Werkzeugbau geeignet, um schneller und kosteng\u00fcnstiger zu fertigen und Wettbewerbsvorteile standortunabh\u00e4ngig zu sichern. #neo.NET macht es sich [&hellip;]<\/p>\n","protected":false},"author":1,"featured_media":0,"parent":0,"menu_order":0,"comment_status":"closed","ping_status":"closed","template":"","meta":{"_acf_changed":false,"footnotes":""},"class_list":["post-2229","page","type-page","status-publish","hentry"],"acf":[],"_links":{"self":[{"href":"https:\/\/neo-net.de\/index.php?rest_route=\/wp\/v2\/pages\/2229","targetHints":{"allow":["GET"]}}],"collection":[{"href":"https:\/\/neo-net.de\/index.php?rest_route=\/wp\/v2\/pages"}],"about":[{"href":"https:\/\/neo-net.de\/index.php?rest_route=\/wp\/v2\/types\/page"}],"author":[{"embeddable":true,"href":"https:\/\/neo-net.de\/index.php?rest_route=\/wp\/v2\/users\/1"}],"replies":[{"embeddable":true,"href":"https:\/\/neo-net.de\/index.php?rest_route=%2Fwp%2Fv2%2Fcomments&post=2229"}],"version-history":[{"count":1,"href":"https:\/\/neo-net.de\/index.php?rest_route=\/wp\/v2\/pages\/2229\/revisions"}],"predecessor-version":[{"id":2230,"href":"https:\/\/neo-net.de\/index.php?rest_route=\/wp\/v2\/pages\/2229\/revisions\/2230"}],"wp:attachment":[{"href":"https:\/\/neo-net.de\/index.php?rest_route=%2Fwp%2Fv2%2Fmedia&parent=2229"}],"curies":[{"name":"wp","href":"https:\/\/api.w.org\/{rel}","templated":true}]}}